{"id":9928,"date":"2024-05-05T12:47:19","date_gmt":"2024-05-05T16:47:19","guid":{"rendered":"https:\/\/www.parc-mille-iles.qc.ca\/?post_type=activites&#038;p=9928"},"modified":"2024-05-05T12:47:43","modified_gmt":"2024-05-05T16:47:43","slug":"location-de-luges-adaptees","status":"publish","type":"activites","link":"https:\/\/www.parc-mille-iles.qc.ca\/en\/activities\/location-de-luges-adaptees\/","title":{"rendered":"Adapted sled rentals"},"content":{"rendered":"<p>In collaboration with Canop\u00e9e and \u00c9co-Nature, the <a href=\"https:\/\/www.laval.ca\/dehors\/Pages\/Fr\/coffres-jeux-pret-equipement.aspx#materiel-adapte\">City of Laval<\/a> now offers a rental service for sledges adapted for children and adults at the Centre de la Nature, Bois de l&#8217;\u00c9querre and the Berge du Garrot. With this equipment, you can enjoy the trails in complete safety.<\/p>\r\n<p>The Evoconcept sled was initially designed for people with reduced mobility, but it also meets the needs of different clienteles (the elderly, people who have had accidents, etc.).<\/p>\r\n<p>Sleds are available on wheels or skis, depending on the season.<\/p>","protected":false},"featured_media":8939,"template":"","activites_saisons":[85,87,88],"class_list":["post-9928","activites","type-activites","status-publish","has-post-thumbnail","hentry","activites_saisons-autumn","activites_saisons-summer","activites_saisons-winter"],"acf":[],"yoast_head":"<!-- This site is optimized with the Yoast SEO plugin v27.5 - https:\/\/yoast.com\/product\/yoast-seo-wordpress\/ -->\n<title>Adapted sled rentals - Parc de la Rivi\u00e8re-des-Mille-\u00celes<\/title>\n<meta name=\"robots\" content=\"index, follow, max-snippet:-1, max-image-preview:large, max-video-preview:-1\" \/>\n<link rel=\"canonical\" href=\"https:\/\/www.parc-mille-iles.qc.ca\/activities\/luges-adaptees\/\" \/>\n<meta property=\"og:locale\" content=\"en_US\" \/>\n<meta property=\"og:type\" content=\"article\" \/>\n<meta property=\"og:title\" content=\"Adapted sled rentals - Parc de la Rivi\u00e8re-des-Mille-\u00celes\" \/>\n<meta property=\"og:description\" content=\"In collaboration with Canop\u00e9e and \u00c9co-Nature, the City of Laval now offers a rental service for sledges adapted for children and adults at the Centre de la Nature, Bois de l&#8217;\u00c9querre and the Berge du Garrot. With this equipment, you can enjoy the trails in complete safety. The Evoconcept sled was initially designed for people with reduced mobility, but it also meets the needs of different clienteles (the elderly, people who have had accidents,\" \/>\n<meta property=\"og:url\" content=\"https:\/\/www.parc-mille-iles.qc.ca\/activities\/luges-adaptees\/\" \/>\n<meta property=\"og:site_name\" content=\"Parc de la Rivi\u00e8re-des-Mille-\u00celes\" \/>\n<meta property=\"article:publisher\" content=\"https:\/\/fr-ca.facebook.com\/parc1000iles\/\" \/>\n<meta property=\"article:modified_time\" content=\"2024-05-05T16:47:43+00:00\" \/>\n<meta property=\"og:image\" content=\"https:\/\/www.parc-mille-iles.qc.ca\/wp-content\/uploads\/2023\/08\/IMG_0567.jpeg\" \/>\n\t<meta property=\"og:image:width\" content=\"2048\" \/>\n\t<meta property=\"og:image:height\" content=\"1536\" \/>\n\t<meta property=\"og:image:type\" content=\"image\/jpeg\" \/>\n<meta name=\"twitter:card\" content=\"summary_large_image\" \/>\n<meta name=\"twitter:label1\" content=\"Est. reading time\" \/>\n\t<meta name=\"twitter:data1\" content=\"1 minute\" \/>\n<script type=\"application\/ld+json\" class=\"yoast-schema-graph\">{\"@context\":\"https:\\\/\\\/schema.org\",\"@graph\":[{\"@type\":\"WebPage\",\"@id\":\"https:\\\/\\\/www.parc-mille-iles.qc.ca\\\/activities\\\/luges-adaptees\\\/\",\"url\":\"https:\\\/\\\/www.parc-mille-iles.qc.ca\\\/activities\\\/luges-adaptees\\\/\",\"name\":\"Adapted sled rentals - Parc de la Rivi\u00e8re-des-Mille-\u00celes\",\"isPartOf\":{\"@id\":\"https:\\\/\\\/www.parc-mille-iles.qc.ca\\\/#website\"},\"primaryImageOfPage\":{\"@id\":\"https:\\\/\\\/www.parc-mille-iles.qc.ca\\\/activities\\\/luges-adaptees\\\/#primaryimage\"},\"image\":{\"@id\":\"https:\\\/\\\/www.parc-mille-iles.qc.ca\\\/activities\\\/luges-adaptees\\\/#primaryimage\"},\"thumbnailUrl\":\"https:\\\/\\\/www.parc-mille-iles.qc.ca\\\/wp-content\\\/uploads\\\/2023\\\/08\\\/IMG_0567.jpeg\",\"datePublished\":\"2024-05-05T16:47:19+00:00\",\"dateModified\":\"2024-05-05T16:47:43+00:00\",\"breadcrumb\":{\"@id\":\"https:\\\/\\\/www.parc-mille-iles.qc.ca\\\/activities\\\/luges-adaptees\\\/#breadcrumb\"},\"inLanguage\":\"en-US\",\"potentialAction\":[{\"@type\":\"ReadAction\",\"target\":[\"https:\\\/\\\/www.parc-mille-iles.qc.ca\\\/activities\\\/luges-adaptees\\\/\"]}]},{\"@type\":\"ImageObject\",\"inLanguage\":\"en-US\",\"@id\":\"https:\\\/\\\/www.parc-mille-iles.qc.ca\\\/activities\\\/luges-adaptees\\\/#primaryimage\",\"url\":\"https:\\\/\\\/www.parc-mille-iles.qc.ca\\\/wp-content\\\/uploads\\\/2023\\\/08\\\/IMG_0567.jpeg\",\"contentUrl\":\"https:\\\/\\\/www.parc-mille-iles.qc.ca\\\/wp-content\\\/uploads\\\/2023\\\/08\\\/IMG_0567.jpeg\",\"width\":2048,\"height\":1536},{\"@type\":\"BreadcrumbList\",\"@id\":\"https:\\\/\\\/www.parc-mille-iles.qc.ca\\\/activities\\\/luges-adaptees\\\/#breadcrumb\",\"itemListElement\":[{\"@type\":\"ListItem\",\"position\":1,\"name\":\"Accueil\",\"item\":\"https:\\\/\\\/www.parc-mille-iles.qc.ca\\\/en\\\/\"},{\"@type\":\"ListItem\",\"position\":2,\"name\":\"Adapted sled rentals\"}]},{\"@type\":\"WebSite\",\"@id\":\"https:\\\/\\\/www.parc-mille-iles.qc.ca\\\/#website\",\"url\":\"https:\\\/\\\/www.parc-mille-iles.qc.ca\\\/\",\"name\":\"Parc de la Rivi\u00e8re-des-Mille-\u00celes\",\"description\":\"\",\"potentialAction\":[{\"@type\":\"SearchAction\",\"target\":{\"@type\":\"EntryPoint\",\"urlTemplate\":\"https:\\\/\\\/www.parc-mille-iles.qc.ca\\\/?s={search_term_string}\"},\"query-input\":{\"@type\":\"PropertyValueSpecification\",\"valueRequired\":true,\"valueName\":\"search_term_string\"}}],\"inLanguage\":\"en-US\"}]}<\/script>\n<!-- \/ Yoast SEO plugin. -->","yoast_head_json":{"title":"Adapted sled rentals - Parc de la Rivi\u00e8re-des-Mille-\u00celes","robots":{"index":"index","follow":"follow","max-snippet":"max-snippet:-1","max-image-preview":"max-image-preview:large","max-video-preview":"max-video-preview:-1"},"canonical":"https:\/\/www.parc-mille-iles.qc.ca\/activities\/luges-adaptees\/","og_locale":"en_US","og_type":"article","og_title":"Adapted sled rentals - Parc de la Rivi\u00e8re-des-Mille-\u00celes","og_description":"In collaboration with Canop\u00e9e and \u00c9co-Nature, the City of Laval now offers a rental service for sledges adapted for children and adults at the Centre de la Nature, Bois de l&#8217;\u00c9querre and the Berge du Garrot. With this equipment, you can enjoy the trails in complete safety. The Evoconcept sled was initially designed for people with reduced mobility, but it also meets the needs of different clienteles (the elderly, people who have had accidents,","og_url":"https:\/\/www.parc-mille-iles.qc.ca\/activities\/luges-adaptees\/","og_site_name":"Parc de la Rivi\u00e8re-des-Mille-\u00celes","article_publisher":"https:\/\/fr-ca.facebook.com\/parc1000iles\/","article_modified_time":"2024-05-05T16:47:43+00:00","og_image":[{"width":2048,"height":1536,"url":"https:\/\/www.parc-mille-iles.qc.ca\/wp-content\/uploads\/2023\/08\/IMG_0567.jpeg","type":"image\/jpeg"}],"twitter_card":"summary_large_image","twitter_misc":{"Est. reading time":"1 minute"},"schema":{"@context":"https:\/\/schema.org","@graph":[{"@type":"WebPage","@id":"https:\/\/www.parc-mille-iles.qc.ca\/activities\/luges-adaptees\/","url":"https:\/\/www.parc-mille-iles.qc.ca\/activities\/luges-adaptees\/","name":"Adapted sled rentals - Parc de la Rivi\u00e8re-des-Mille-\u00celes","isPartOf":{"@id":"https:\/\/www.parc-mille-iles.qc.ca\/#website"},"primaryImageOfPage":{"@id":"https:\/\/www.parc-mille-iles.qc.ca\/activities\/luges-adaptees\/#primaryimage"},"image":{"@id":"https:\/\/www.parc-mille-iles.qc.ca\/activities\/luges-adaptees\/#primaryimage"},"thumbnailUrl":"https:\/\/www.parc-mille-iles.qc.ca\/wp-content\/uploads\/2023\/08\/IMG_0567.jpeg","datePublished":"2024-05-05T16:47:19+00:00","dateModified":"2024-05-05T16:47:43+00:00","breadcrumb":{"@id":"https:\/\/www.parc-mille-iles.qc.ca\/activities\/luges-adaptees\/#breadcrumb"},"inLanguage":"en-US","potentialAction":[{"@type":"ReadAction","target":["https:\/\/www.parc-mille-iles.qc.ca\/activities\/luges-adaptees\/"]}]},{"@type":"ImageObject","inLanguage":"en-US","@id":"https:\/\/www.parc-mille-iles.qc.ca\/activities\/luges-adaptees\/#primaryimage","url":"https:\/\/www.parc-mille-iles.qc.ca\/wp-content\/uploads\/2023\/08\/IMG_0567.jpeg","contentUrl":"https:\/\/www.parc-mille-iles.qc.ca\/wp-content\/uploads\/2023\/08\/IMG_0567.jpeg","width":2048,"height":1536},{"@type":"BreadcrumbList","@id":"https:\/\/www.parc-mille-iles.qc.ca\/activities\/luges-adaptees\/#breadcrumb","itemListElement":[{"@type":"ListItem","position":1,"name":"Accueil","item":"https:\/\/www.parc-mille-iles.qc.ca\/en\/"},{"@type":"ListItem","position":2,"name":"Adapted sled rentals"}]},{"@type":"WebSite","@id":"https:\/\/www.parc-mille-iles.qc.ca\/#website","url":"https:\/\/www.parc-mille-iles.qc.ca\/","name":"Parc de la Rivi\u00e8re-des-Mille-\u00celes","description":"","potentialAction":[{"@type":"SearchAction","target":{"@type":"EntryPoint","urlTemplate":"https:\/\/www.parc-mille-iles.qc.ca\/?s={search_term_string}"},"query-input":{"@type":"PropertyValueSpecification","valueRequired":true,"valueName":"search_term_string"}}],"inLanguage":"en-US"}]}},"_links":{"self":[{"href":"https:\/\/www.parc-mille-iles.qc.ca\/en\/wp-json\/wp\/v2\/activites\/9928","targetHints":{"allow":["GET"]}}],"collection":[{"href":"https:\/\/www.parc-mille-iles.qc.ca\/en\/wp-json\/wp\/v2\/activites"}],"about":[{"href":"https:\/\/www.parc-mille-iles.qc.ca\/en\/wp-json\/wp\/v2\/types\/activites"}],"wp:featuredmedia":[{"embeddable":true,"href":"https:\/\/www.parc-mille-iles.qc.ca\/en\/wp-json\/wp\/v2\/media\/8939"}],"wp:attachment":[{"href":"https:\/\/www.parc-mille-iles.qc.ca\/en\/wp-json\/wp\/v2\/media?parent=9928"}],"wp:term":[{"taxonomy":"activites_saisons","embeddable":true,"href":"https:\/\/www.parc-mille-iles.qc.ca\/en\/wp-json\/wp\/v2\/activites_saisons?post=9928"}],"curies":[{"name":"wp","href":"https:\/\/api.w.org\/{rel}","templated":true}]}}

<p>In collaboration with Canopée and Éco-Nature, the <a href="https://www.laval.ca/dehors/Pages/Fr/coffres-jeux-pret-equipement.aspx#materiel-adapte">City of Laval</a> now offers a rental service for sledges adapted for children and adults at the Centre de la Nature, Bois de l&#8217;Équerre and the Berge du Garrot. With this equipment, you can enjoy the trails in complete safety.</p>
<p>The Evoconcept sled was initially designed for people with reduced mobility, but it also meets the needs of different clienteles (the elderly, people who have had accidents, etc.).</p>
<p>Sleds are available on wheels or skis, depending on the season.</p>

<!-- This site is optimized with the Yoast SEO plugin v27.5 - https://yoast.com/product/yoast-seo-wordpress/ -->
<title>Adapted sled rentals - Parc de la Rivière-des-Mille-Îles</title>
<meta name="robots" content="index, follow, max-snippet:-1, max-image-preview:large, max-video-preview:-1" />
<link rel="canonical" href="https://www.parc-mille-iles.qc.ca/activities/luges-adaptees/" />
<meta property="og:locale" content="en_US" />
<meta property="og:type" content="article" />
<meta property="og:title" content="Adapted sled rentals - Parc de la Rivière-des-Mille-Îles" />
<meta property="og:description" content="In collaboration with Canopée and Éco-Nature, the City of Laval now offers a rental service for sledges adapted for children and adults at the Centre de la Nature, Bois de l&#8217;Équerre and the Berge du Garrot. With this equipment, you can enjoy the trails in complete safety. The Evoconcept sled was initially designed for people with reduced mobility, but it also meets the needs of different clienteles (the elderly, people who have had accidents," />
<meta property="og:url" content="https://www.parc-mille-iles.qc.ca/activities/luges-adaptees/" />
<meta property="og:site_name" content="Parc de la Rivière-des-Mille-Îles" />
<meta property="article:publisher" content="https://fr-ca.facebook.com/parc1000iles/" />
<meta property="article:modified_time" content="2024-05-05T16:47:43+00:00" />
<meta property="og:image" content="https://www.parc-mille-iles.qc.ca/wp-content/uploads/2023/08/IMG_0567.jpeg" />
	<meta property="og:image:width" content="2048" />
	<meta property="og:image:height" content="1536" />
	<meta property="og:image:type" content="image/jpeg" />
<meta name="twitter:card" content="summary_large_image" />
<meta name="twitter:label1" content="Est. reading time" />
	<meta name="twitter:data1" content="1 minute" />
<script type="application/ld+json" class="yoast-schema-graph">{"@context":"https:\/\/schema.org","@graph":[{"@type":"WebPage","@id":"https:\/\/www.parc-mille-iles.qc.ca\/activities\/luges-adaptees\/","url":"https:\/\/www.parc-mille-iles.qc.ca\/activities\/luges-adaptees\/","name":"Adapted sled rentals - Parc de la Rivière-des-Mille-Îles","isPartOf":{"@id":"https:\/\/www.parc-mille-iles.qc.ca\/#website"},"primaryImageOfPage":{"@id":"https:\/\/www.parc-mille-iles.qc.ca\/activities\/luges-adaptees\/#primaryimage"},"image":{"@id":"https:\/\/www.parc-mille-iles.qc.ca\/activities\/luges-adaptees\/#primaryimage"},"thumbnailUrl":"https:\/\/www.parc-mille-iles.qc.ca\/wp-content\/uploads\/2023\/08\/IMG_0567.jpeg","datePublished":"2024-05-05T16:47:19+00:00","dateModified":"2024-05-05T16:47:43+00:00","breadcrumb":{"@id":"https:\/\/www.parc-mille-iles.qc.ca\/activities\/luges-adaptees\/#breadcrumb"},"inLanguage":"en-US","potentialAction":[{"@type":"ReadAction","target":["https:\/\/www.parc-mille-iles.qc.ca\/activities\/luges-adaptees\/"]}]},{"@type":"ImageObject","inLanguage":"en-US","@id":"https:\/\/www.parc-mille-iles.qc.ca\/activities\/luges-adaptees\/#primaryimage","url":"https:\/\/www.parc-mille-iles.qc.ca\/wp-content\/uploads\/2023\/08\/IMG_0567.jpeg","contentUrl":"https:\/\/www.parc-mille-iles.qc.ca\/wp-content\/uploads\/2023\/08\/IMG_0567.jpeg","width":2048,"height":1536},{"@type":"BreadcrumbList","@id":"https:\/\/www.parc-mille-iles.qc.ca\/activities\/luges-adaptees\/#breadcrumb","itemListElement":[{"@type":"ListItem","position":1,"name":"Accueil","item":"https:\/\/www.parc-mille-iles.qc.ca\/en\/"},{"@type":"ListItem","position":2,"name":"Adapted sled rentals"}]},{"@type":"WebSite","@id":"https:\/\/www.parc-mille-iles.qc.ca\/#website","url":"https:\/\/www.parc-mille-iles.qc.ca\/","name":"Parc de la Rivière-des-Mille-Îles","description":"","potentialAction":[{"@type":"SearchAction","target":{"@type":"EntryPoint","urlTemplate":"https:\/\/www.parc-mille-iles.qc.ca\/?s={search_term_string}"},"query-input":{"@type":"PropertyValueSpecification","valueRequired":true,"valueName":"search_term_string"}}],"inLanguage":"en-US"}]}</script>
<!-- / Yoast SEO plugin. -->

Adapted sled rentals - Parc de la Rivière-des-Mille-Îles

In collaboration with Canopée and Éco-Nature, the City of Laval now offers a rental service for sledges adapted for children and adults at the Centre de la Nature, Bois de l&#8217;Équerre and the Berge du Garrot. With this equipment, you can enjoy the trails in complete safety. The Evoconcept sled was initially designed for people with reduced mobility, but it also meets the needs of different clienteles (the elderly, people who have had accidents,

Parc de la Rivière-des-Mille-Îles
