{"id":10364,"date":"2019-03-24T19:04:46","date_gmt":"2019-03-24T23:04:46","guid":{"rendered":"https:\/\/www.parc-mille-iles.qc.ca\/?post_type=communiques&#038;p=10364"},"modified":"2024-06-27T19:14:43","modified_gmt":"2024-06-27T23:14:43","slug":"update-parc-de-la-riviere-des-mille-iles-and-covid-19","status":"publish","type":"communiques","link":"https:\/\/www.parc-mille-iles.qc.ca\/en\/press-releases\/update-parc-de-la-riviere-des-mille-iles-and-covid-19\/","title":{"rendered":"Update: Parc de la Rivi\u00e8re-des-Mille-\u00celes and COVID-19"},"content":{"rendered":"<p>These last few weeks have been particularly difficult all over the world, and even here in Quebec. On the other hand, we can be proud as a society to have this desire and this capacity to stick together to face adversity, in addition to being able to count on responsible and united elected officials in the face of this crisis.<\/p>\r\n<p>Last Monday, March 16, we announced that we had to close the Exploration Center and cancel all our activities offered to the general public for an indefinite period out of concern for the health of our customers as well as that of our employees. In addition, employees returning from vacations abroad were mandated to work from home for a minimum of 14 days.<\/p>\r\n<p>To follow up on the government&#8217;s announcement yesterday afternoon, March 23, being a non-essential business, we also had to close the administrative offices until April 13, 2020. A small part of our administrative team remains at work in teleworking mode and rest assured that if you communicate with us by email at <a href=\"mailto:info@parc-mille-iles.qc.ca\">info@parc-mille-iles.qc.ca<\/a> or by telephone at 450 622 1020, we will respond to you within 24 to 48 hours.<\/p>\r\n<p>We are aware that this period is difficult and that it requires an effort from all our loyal customers. But we believe that it is thanks to respecting all the measures put in place by our government that we will be able to slow down this pandemic. We continue to work hard on our spring\/summer 2020 programming to offer you a safe and enjoyable experience. We look forward to being able to welcome our customers again.<\/p>\r\n<p><strong>About \u00c9co-Nature | Rivi\u00e8re-des-Mille-\u00celes Park<\/strong><\/p>\r\n<p>\u00c9co-Nature works for the protection, conservation and development of the Mille \u00celes River and its tributaries, with the support of and for the benefit of the community. Founded in 1987 and managed since the very beginning by \u00c9co-Nature, Parc de la Rivi\u00e8re-des-Mille-\u00celes offers a high-quality ecotourism experience, while respecting natural environments, which benefits more than 130,000 visitors annually. In 2019, the organization proudly received the ultimate recognition in Quebec \u201cInitiative in innovation and development of the offer\u201d by winning a prestigious Excellence Tourisme Award.<\/p>","protected":false},"featured_media":0,"template":"","class_list":["post-10364","communiques","type-communiques","status-publish","hentry"],"acf":[],"yoast_head":"<!-- This site is optimized with the Yoast SEO plugin v27.5 - https:\/\/yoast.com\/product\/yoast-seo-wordpress\/ -->\n<title>Update: Parc de la Rivi\u00e8re-des-Mille-\u00celes and COVID-19 - Parc de la Rivi\u00e8re-des-Mille-\u00celes<\/title>\n<meta name=\"robots\" content=\"index, follow, max-snippet:-1, max-image-preview:large, max-video-preview:-1\" \/>\n<link rel=\"canonical\" href=\"https:\/\/www.parc-mille-iles.qc.ca\/press-releases\/mise-a-jour-le-parc-de-la-riviere-des-mille-iles-et-la-covid-19\/\" \/>\n<meta property=\"og:locale\" content=\"en_US\" \/>\n<meta property=\"og:type\" content=\"article\" \/>\n<meta property=\"og:title\" content=\"Update: Parc de la Rivi\u00e8re-des-Mille-\u00celes and COVID-19 - Parc de la Rivi\u00e8re-des-Mille-\u00celes\" \/>\n<meta property=\"og:description\" content=\"These last few weeks have been particularly difficult all over the world, and even here in Quebec. On the other hand, we can be proud as a society to have this desire and this capacity to stick together to face adversity, in addition to being able to count on responsible and united elected officials in the face of this crisis. Last Monday, March 16, we announced that we had to close the Exploration Center and [...]\" \/>\n<meta property=\"og:url\" content=\"https:\/\/www.parc-mille-iles.qc.ca\/press-releases\/mise-a-jour-le-parc-de-la-riviere-des-mille-iles-et-la-covid-19\/\" \/>\n<meta property=\"og:site_name\" content=\"Parc de la Rivi\u00e8re-des-Mille-\u00celes\" \/>\n<meta property=\"article:publisher\" content=\"https:\/\/fr-ca.facebook.com\/parc1000iles\/\" \/>\n<meta property=\"article:modified_time\" content=\"2024-06-27T23:14:43+00:00\" \/>\n<meta property=\"og:image\" content=\"https:\/\/www.parc-mille-iles.qc.ca\/wp-content\/uploads\/2019\/05\/Capture-1.png\" \/>\n\t<meta property=\"og:image:width\" content=\"1277\" \/>\n\t<meta property=\"og:image:height\" content=\"586\" \/>\n\t<meta property=\"og:image:type\" content=\"image\/png\" \/>\n<meta name=\"twitter:card\" content=\"summary_large_image\" \/>\n<meta name=\"twitter:label1\" content=\"Est. reading time\" \/>\n\t<meta name=\"twitter:data1\" content=\"2 minutes\" \/>\n<script type=\"application\/ld+json\" class=\"yoast-schema-graph\">{\"@context\":\"https:\\\/\\\/schema.org\",\"@graph\":[{\"@type\":\"WebPage\",\"@id\":\"https:\\\/\\\/www.parc-mille-iles.qc.ca\\\/press-releases\\\/mise-a-jour-le-parc-de-la-riviere-des-mille-iles-et-la-covid-19\\\/\",\"url\":\"https:\\\/\\\/www.parc-mille-iles.qc.ca\\\/press-releases\\\/mise-a-jour-le-parc-de-la-riviere-des-mille-iles-et-la-covid-19\\\/\",\"name\":\"Update: Parc de la Rivi\u00e8re-des-Mille-\u00celes and COVID-19 - Parc de la Rivi\u00e8re-des-Mille-\u00celes\",\"isPartOf\":{\"@id\":\"https:\\\/\\\/www.parc-mille-iles.qc.ca\\\/#website\"},\"datePublished\":\"2019-03-24T23:04:46+00:00\",\"dateModified\":\"2024-06-27T23:14:43+00:00\",\"breadcrumb\":{\"@id\":\"https:\\\/\\\/www.parc-mille-iles.qc.ca\\\/press-releases\\\/mise-a-jour-le-parc-de-la-riviere-des-mille-iles-et-la-covid-19\\\/#breadcrumb\"},\"inLanguage\":\"en-US\",\"potentialAction\":[{\"@type\":\"ReadAction\",\"target\":[\"https:\\\/\\\/www.parc-mille-iles.qc.ca\\\/press-releases\\\/mise-a-jour-le-parc-de-la-riviere-des-mille-iles-et-la-covid-19\\\/\"]}]},{\"@type\":\"BreadcrumbList\",\"@id\":\"https:\\\/\\\/www.parc-mille-iles.qc.ca\\\/press-releases\\\/mise-a-jour-le-parc-de-la-riviere-des-mille-iles-et-la-covid-19\\\/#breadcrumb\",\"itemListElement\":[{\"@type\":\"ListItem\",\"position\":1,\"name\":\"Accueil\",\"item\":\"https:\\\/\\\/www.parc-mille-iles.qc.ca\\\/en\\\/\"},{\"@type\":\"ListItem\",\"position\":2,\"name\":\"Communiqu\u00e9s de presse\",\"item\":\"https:\\\/\\\/www.parc-mille-iles.qc.ca\\\/communiques\\\/\"},{\"@type\":\"ListItem\",\"position\":3,\"name\":\"Update: Parc de la Rivi\u00e8re-des-Mille-\u00celes and COVID-19\"}]},{\"@type\":\"WebSite\",\"@id\":\"https:\\\/\\\/www.parc-mille-iles.qc.ca\\\/#website\",\"url\":\"https:\\\/\\\/www.parc-mille-iles.qc.ca\\\/\",\"name\":\"Parc de la Rivi\u00e8re-des-Mille-\u00celes\",\"description\":\"\",\"potentialAction\":[{\"@type\":\"SearchAction\",\"target\":{\"@type\":\"EntryPoint\",\"urlTemplate\":\"https:\\\/\\\/www.parc-mille-iles.qc.ca\\\/?s={search_term_string}\"},\"query-input\":{\"@type\":\"PropertyValueSpecification\",\"valueRequired\":true,\"valueName\":\"search_term_string\"}}],\"inLanguage\":\"en-US\"}]}<\/script>\n<!-- \/ Yoast SEO plugin. -->","yoast_head_json":{"title":"Update: Parc de la Rivi\u00e8re-des-Mille-\u00celes and COVID-19 - Parc de la Rivi\u00e8re-des-Mille-\u00celes","robots":{"index":"index","follow":"follow","max-snippet":"max-snippet:-1","max-image-preview":"max-image-preview:large","max-video-preview":"max-video-preview:-1"},"canonical":"https:\/\/www.parc-mille-iles.qc.ca\/press-releases\/mise-a-jour-le-parc-de-la-riviere-des-mille-iles-et-la-covid-19\/","og_locale":"en_US","og_type":"article","og_title":"Update: Parc de la Rivi\u00e8re-des-Mille-\u00celes and COVID-19 - Parc de la Rivi\u00e8re-des-Mille-\u00celes","og_description":"These last few weeks have been particularly difficult all over the world, and even here in Quebec. On the other hand, we can be proud as a society to have this desire and this capacity to stick together to face adversity, in addition to being able to count on responsible and united elected officials in the face of this crisis. Last Monday, March 16, we announced that we had to close the Exploration Center and [...]","og_url":"https:\/\/www.parc-mille-iles.qc.ca\/press-releases\/mise-a-jour-le-parc-de-la-riviere-des-mille-iles-et-la-covid-19\/","og_site_name":"Parc de la Rivi\u00e8re-des-Mille-\u00celes","article_publisher":"https:\/\/fr-ca.facebook.com\/parc1000iles\/","article_modified_time":"2024-06-27T23:14:43+00:00","og_image":[{"width":1277,"height":586,"url":"https:\/\/www.parc-mille-iles.qc.ca\/wp-content\/uploads\/2019\/05\/Capture-1.png","type":"image\/png"}],"twitter_card":"summary_large_image","twitter_misc":{"Est. reading time":"2 minutes"},"schema":{"@context":"https:\/\/schema.org","@graph":[{"@type":"WebPage","@id":"https:\/\/www.parc-mille-iles.qc.ca\/press-releases\/mise-a-jour-le-parc-de-la-riviere-des-mille-iles-et-la-covid-19\/","url":"https:\/\/www.parc-mille-iles.qc.ca\/press-releases\/mise-a-jour-le-parc-de-la-riviere-des-mille-iles-et-la-covid-19\/","name":"Update: Parc de la Rivi\u00e8re-des-Mille-\u00celes and COVID-19 - Parc de la Rivi\u00e8re-des-Mille-\u00celes","isPartOf":{"@id":"https:\/\/www.parc-mille-iles.qc.ca\/#website"},"datePublished":"2019-03-24T23:04:46+00:00","dateModified":"2024-06-27T23:14:43+00:00","breadcrumb":{"@id":"https:\/\/www.parc-mille-iles.qc.ca\/press-releases\/mise-a-jour-le-parc-de-la-riviere-des-mille-iles-et-la-covid-19\/#breadcrumb"},"inLanguage":"en-US","potentialAction":[{"@type":"ReadAction","target":["https:\/\/www.parc-mille-iles.qc.ca\/press-releases\/mise-a-jour-le-parc-de-la-riviere-des-mille-iles-et-la-covid-19\/"]}]},{"@type":"BreadcrumbList","@id":"https:\/\/www.parc-mille-iles.qc.ca\/press-releases\/mise-a-jour-le-parc-de-la-riviere-des-mille-iles-et-la-covid-19\/#breadcrumb","itemListElement":[{"@type":"ListItem","position":1,"name":"Accueil","item":"https:\/\/www.parc-mille-iles.qc.ca\/en\/"},{"@type":"ListItem","position":2,"name":"Communiqu\u00e9s de presse","item":"https:\/\/www.parc-mille-iles.qc.ca\/communiques\/"},{"@type":"ListItem","position":3,"name":"Update: Parc de la Rivi\u00e8re-des-Mille-\u00celes and COVID-19"}]},{"@type":"WebSite","@id":"https:\/\/www.parc-mille-iles.qc.ca\/#website","url":"https:\/\/www.parc-mille-iles.qc.ca\/","name":"Parc de la Rivi\u00e8re-des-Mille-\u00celes","description":"","potentialAction":[{"@type":"SearchAction","target":{"@type":"EntryPoint","urlTemplate":"https:\/\/www.parc-mille-iles.qc.ca\/?s={search_term_string}"},"query-input":{"@type":"PropertyValueSpecification","valueRequired":true,"valueName":"search_term_string"}}],"inLanguage":"en-US"}]}},"_links":{"self":[{"href":"https:\/\/www.parc-mille-iles.qc.ca\/en\/wp-json\/wp\/v2\/communiques\/10364","targetHints":{"allow":["GET"]}}],"collection":[{"href":"https:\/\/www.parc-mille-iles.qc.ca\/en\/wp-json\/wp\/v2\/communiques"}],"about":[{"href":"https:\/\/www.parc-mille-iles.qc.ca\/en\/wp-json\/wp\/v2\/types\/communiques"}],"wp:attachment":[{"href":"https:\/\/www.parc-mille-iles.qc.ca\/en\/wp-json\/wp\/v2\/media?parent=10364"}],"curies":[{"name":"wp","href":"https:\/\/api.w.org\/{rel}","templated":true}]}}

Update: Parc de la Rivière-des-Mille-Îles and COVID-19

<p>These last few weeks have been particularly difficult all over the world, and even here in Quebec. On the other hand, we can be proud as a society to have this desire and this capacity to stick together to face adversity, in addition to being able to count on responsible and united elected officials in the face of this crisis.</p>
<p>Last Monday, March 16, we announced that we had to close the Exploration Center and cancel all our activities offered to the general public for an indefinite period out of concern for the health of our customers as well as that of our employees. In addition, employees returning from vacations abroad were mandated to work from home for a minimum of 14 days.</p>
<p>To follow up on the government&#8217;s announcement yesterday afternoon, March 23, being a non-essential business, we also had to close the administrative offices until April 13, 2020. A small part of our administrative team remains at work in teleworking mode and rest assured that if you communicate with us by email at <a href="mailto:info@parc-mille-iles.qc.ca">info@parc-mille-iles.qc.ca</a> or by telephone at 450 622 1020, we will respond to you within 24 to 48 hours.</p>
<p>We are aware that this period is difficult and that it requires an effort from all our loyal customers. But we believe that it is thanks to respecting all the measures put in place by our government that we will be able to slow down this pandemic. We continue to work hard on our spring/summer 2020 programming to offer you a safe and enjoyable experience. We look forward to being able to welcome our customers again.</p>
<p><strong>About Éco-Nature | Rivière-des-Mille-Îles Park</strong></p>
<p>Éco-Nature works for the protection, conservation and development of the Mille Îles River and its tributaries, with the support of and for the benefit of the community. Founded in 1987 and managed since the very beginning by Éco-Nature, Parc de la Rivière-des-Mille-Îles offers a high-quality ecotourism experience, while respecting natural environments, which benefits more than 130,000 visitors annually. In 2019, the organization proudly received the ultimate recognition in Quebec “Initiative in innovation and development of the offer” by winning a prestigious Excellence Tourisme Award.</p>

<!-- This site is optimized with the Yoast SEO plugin v27.5 - https://yoast.com/product/yoast-seo-wordpress/ -->
<title>Update: Parc de la Rivière-des-Mille-Îles and COVID-19 - Parc de la Rivière-des-Mille-Îles</title>
<meta name="robots" content="index, follow, max-snippet:-1, max-image-preview:large, max-video-preview:-1" />
<link rel="canonical" href="https://www.parc-mille-iles.qc.ca/press-releases/mise-a-jour-le-parc-de-la-riviere-des-mille-iles-et-la-covid-19/" />
<meta property="og:locale" content="en_US" />
<meta property="og:type" content="article" />
<meta property="og:title" content="Update: Parc de la Rivière-des-Mille-Îles and COVID-19 - Parc de la Rivière-des-Mille-Îles" />
<meta property="og:description" content="These last few weeks have been particularly difficult all over the world, and even here in Quebec. On the other hand, we can be proud as a society to have this desire and this capacity to stick together to face adversity, in addition to being able to count on responsible and united elected officials in the face of this crisis. Last Monday, March 16, we announced that we had to close the Exploration Center and [...]" />
<meta property="og:url" content="https://www.parc-mille-iles.qc.ca/press-releases/mise-a-jour-le-parc-de-la-riviere-des-mille-iles-et-la-covid-19/" />
<meta property="og:site_name" content="Parc de la Rivière-des-Mille-Îles" />
<meta property="article:publisher" content="https://fr-ca.facebook.com/parc1000iles/" />
<meta property="article:modified_time" content="2024-06-27T23:14:43+00:00" />
<meta property="og:image" content="https://www.parc-mille-iles.qc.ca/wp-content/uploads/2019/05/Capture-1.png" />
	<meta property="og:image:width" content="1277" />
	<meta property="og:image:height" content="586" />
	<meta property="og:image:type" content="image/png" />
<meta name="twitter:card" content="summary_large_image" />
<meta name="twitter:label1" content="Est. reading time" />
	<meta name="twitter:data1" content="2 minutes" />
<script type="application/ld+json" class="yoast-schema-graph">{"@context":"https:\/\/schema.org","@graph":[{"@type":"WebPage","@id":"https:\/\/www.parc-mille-iles.qc.ca\/press-releases\/mise-a-jour-le-parc-de-la-riviere-des-mille-iles-et-la-covid-19\/","url":"https:\/\/www.parc-mille-iles.qc.ca\/press-releases\/mise-a-jour-le-parc-de-la-riviere-des-mille-iles-et-la-covid-19\/","name":"Update: Parc de la Rivière-des-Mille-Îles and COVID-19 - Parc de la Rivière-des-Mille-Îles","isPartOf":{"@id":"https:\/\/www.parc-mille-iles.qc.ca\/#website"},"datePublished":"2019-03-24T23:04:46+00:00","dateModified":"2024-06-27T23:14:43+00:00","breadcrumb":{"@id":"https:\/\/www.parc-mille-iles.qc.ca\/press-releases\/mise-a-jour-le-parc-de-la-riviere-des-mille-iles-et-la-covid-19\/#breadcrumb"},"inLanguage":"en-US","potentialAction":[{"@type":"ReadAction","target":["https:\/\/www.parc-mille-iles.qc.ca\/press-releases\/mise-a-jour-le-parc-de-la-riviere-des-mille-iles-et-la-covid-19\/"]}]},{"@type":"BreadcrumbList","@id":"https:\/\/www.parc-mille-iles.qc.ca\/press-releases\/mise-a-jour-le-parc-de-la-riviere-des-mille-iles-et-la-covid-19\/#breadcrumb","itemListElement":[{"@type":"ListItem","position":1,"name":"Accueil","item":"https:\/\/www.parc-mille-iles.qc.ca\/en\/"},{"@type":"ListItem","position":2,"name":"Communiqués de presse","item":"https:\/\/www.parc-mille-iles.qc.ca\/communiques\/"},{"@type":"ListItem","position":3,"name":"Update: Parc de la Rivière-des-Mille-Îles and COVID-19"}]},{"@type":"WebSite","@id":"https:\/\/www.parc-mille-iles.qc.ca\/#website","url":"https:\/\/www.parc-mille-iles.qc.ca\/","name":"Parc de la Rivière-des-Mille-Îles","description":"","potentialAction":[{"@type":"SearchAction","target":{"@type":"EntryPoint","urlTemplate":"https:\/\/www.parc-mille-iles.qc.ca\/?s={search_term_string}"},"query-input":{"@type":"PropertyValueSpecification","valueRequired":true,"valueName":"search_term_string"}}],"inLanguage":"en-US"}]}</script>
<!-- / Yoast SEO plugin. -->

Update: Parc de la Rivière-des-Mille-Îles and COVID-19 - Parc de la Rivière-des-Mille-Îles

Parc de la Rivière-des-Mille-Îles

Communiqués de presse
