{"id":1024,"date":"2018-11-21T19:03:02","date_gmt":"2018-11-21T19:03:02","guid":{"rendered":"https:\/\/www.parc-mille-iles.qc.ca\/a-propos\/mission\/"},"modified":"2025-01-27T10:59:34","modified_gmt":"2025-01-27T15:59:34","slug":"who-we-are","status":"publish","type":"page","link":"https:\/\/www.parc-mille-iles.qc.ca\/en\/about\/who-we-are\/","title":{"rendered":"Who We Are"},"content":{"rendered":"\r\n<p><\/p>\r\n<h4>The Parc de la Rivi\u00e8re-des-Mille-\u00celes is a non-profit organization with the mission of protecting, conserving and showcasing mainly the Mille \u00celes River and its tributaries, with the support of and on behalf of the local community.<\/h4>\r\n<p>In 1998, wildlife reserve status was granted by the Government of Quebec to 10 of the islands, which corresponds to 26 hectares of land. Since 2009, \u00c9co-Nature has been leading the wildlife refuge expansion project which aims to expand the refuge from 26 hectares to more than 950 hectares.<\/p>\r\n<p>\r\n<\/p>\r\n<div class=\"wp-block-image\">\r\n<figure class=\"aligncenter\"><img loading=\"lazy\" decoding=\"async\" width=\"700\" height=\"161\" class=\"wp-image-915\" src=\"https:\/\/www.parc-mille-iles.qc.ca\/wp-content\/uploads\/2018\/12\/parc-mille-iles-andrechevrier.jpg\" alt=\"\" srcset=\"https:\/\/www.parc-mille-iles.qc.ca\/wp-content\/uploads\/2018\/12\/parc-mille-iles-andrechevrier.jpg 700w, https:\/\/www.parc-mille-iles.qc.ca\/wp-content\/uploads\/2018\/12\/parc-mille-iles-andrechevrier-300x69.jpg 300w, https:\/\/www.parc-mille-iles.qc.ca\/wp-content\/uploads\/2018\/12\/parc-mille-iles-andrechevrier-768x177.jpg 768w\" sizes=\"auto, (max-width: 700px) 100vw, 700px\" \/><\/figure>\r\n<\/div>\r\n<p>\r\n<\/p>\r\n<h4 class=\"wp-block-heading\">\u00c9co-Nature is a leader in Quebec for the application of the concept of integrated and harmonious management of three essential themes that are both its key values and its purpose:\u00a0<\/h4>\r\n<ul>\r\n\t<li>Protecting and conserving natural habitats, in particular by safeguarding natural habitats, primarily those along the Mille \u00celes River and its tributaries, and acting as a custodian of collective resources and an educator for the community on the subjects of protection and conservation;<\/li>\r\n\t<li>Showcasing and providing access to the river\u2019s treasures, in particular by managing various services: land development, organizing recreational and tourism activities, renting outdoor sports equipment, showcasing its historical heritage, and offering educational, outdoor and ecotourism activities to introduce visitors to the different aspects of the river\u2019s natural habitats;<\/li>\r\n\t<li>Promoting public input and eco-citizenship, in particular through information, awareness, participation and training activities.<\/li>\r\n<\/ul>\r\n","protected":false},"excerpt":{"rendered":"<p>The Parc de la Rivi\u00e8re-des-Mille-\u00celes is a non-profit organization with the mission of protecting, conserving and showcasing mainly the Mille \u00celes River and its tributaries, with the support of and on behalf of the local community.<br \/>\nIn 1998, wildlife reserve status was granted by the Government of Quebec to 10 of the islands, which corresponds to 26 hectares of land. Since 2009, \u00c9co-Nature has been leading the wildlife refuge expansion project which aims to expand [&#8230;]<\/p>\n","protected":false},"author":1,"featured_media":0,"parent":1011,"menu_order":0,"comment_status":"closed","ping_status":"closed","template":"","meta":{"_acf_changed":false,"footnotes":""},"class_list":["post-1024","page","type-page","status-publish","hentry"],"acf":[],"yoast_head":"<!-- This site is optimized with the Yoast SEO plugin v27.5 - https:\/\/yoast.com\/product\/yoast-seo-wordpress\/ -->\n<title>Who We Are - Parc de la Rivi\u00e8re-des-Mille-\u00celes<\/title>\n<meta name=\"description\" content=\"Le refuge faunique de la Rivi\u00e8re-des-Mille-\u00celes est une aire prot\u00e9g\u00e9e situ\u00e9 sur la rivi\u00e8re du m\u00eame nom \u00e0 Laval et Rosem\u00e8re. Le territoire du refuge est compos\u00e9 de dix \u00eeles ayant une superficie totale de 26 ha. Elle est g\u00e9r\u00e9e par l&#039;organisme \u00c9co-Nature\" \/>\n<meta name=\"robots\" content=\"index, follow, max-snippet:-1, max-image-preview:large, max-video-preview:-1\" \/>\n<link rel=\"canonical\" href=\"https:\/\/www.parc-mille-iles.qc.ca\/en\/about\/who-we-are\/\" \/>\n<meta property=\"og:locale\" content=\"en_US\" \/>\n<meta property=\"og:type\" content=\"article\" \/>\n<meta property=\"og:title\" content=\"Who We Are - Parc de la Rivi\u00e8re-des-Mille-\u00celes\" \/>\n<meta property=\"og:description\" content=\"Le refuge faunique de la Rivi\u00e8re-des-Mille-\u00celes est une aire prot\u00e9g\u00e9e situ\u00e9 sur la rivi\u00e8re du m\u00eame nom \u00e0 Laval et Rosem\u00e8re. Le territoire du refuge est compos\u00e9 de dix \u00eeles ayant une superficie totale de 26 ha. Elle est g\u00e9r\u00e9e par l&#039;organisme \u00c9co-Nature\" \/>\n<meta property=\"og:url\" content=\"https:\/\/www.parc-mille-iles.qc.ca\/en\/about\/who-we-are\/\" \/>\n<meta property=\"og:site_name\" content=\"Parc de la Rivi\u00e8re-des-Mille-\u00celes\" \/>\n<meta property=\"article:publisher\" content=\"https:\/\/fr-ca.facebook.com\/parc1000iles\/\" \/>\n<meta property=\"article:modified_time\" content=\"2025-01-27T15:59:34+00:00\" \/>\n<meta property=\"og:image\" content=\"https:\/\/www.parc-mille-iles.qc.ca\/wp-content\/uploads\/2018\/12\/parc-mille-iles-andrechevrier.jpg\" \/>\n<meta name=\"twitter:card\" content=\"summary_large_image\" \/>\n<meta name=\"twitter:label1\" content=\"Est. reading time\" \/>\n\t<meta name=\"twitter:data1\" content=\"2 minutes\" \/>\n<script type=\"application\/ld+json\" class=\"yoast-schema-graph\">{\"@context\":\"https:\\\/\\\/schema.org\",\"@graph\":[{\"@type\":\"WebPage\",\"@id\":\"https:\\\/\\\/www.parc-mille-iles.qc.ca\\\/en\\\/about\\\/who-we-are\\\/\",\"url\":\"https:\\\/\\\/www.parc-mille-iles.qc.ca\\\/en\\\/about\\\/who-we-are\\\/\",\"name\":\"Who We Are - Parc de la Rivi\u00e8re-des-Mille-\u00celes\",\"isPartOf\":{\"@id\":\"https:\\\/\\\/www.parc-mille-iles.qc.ca\\\/#website\"},\"primaryImageOfPage\":{\"@id\":\"https:\\\/\\\/www.parc-mille-iles.qc.ca\\\/en\\\/about\\\/who-we-are\\\/#primaryimage\"},\"image\":{\"@id\":\"https:\\\/\\\/www.parc-mille-iles.qc.ca\\\/en\\\/about\\\/who-we-are\\\/#primaryimage\"},\"thumbnailUrl\":\"https:\\\/\\\/www.parc-mille-iles.qc.ca\\\/wp-content\\\/uploads\\\/2018\\\/12\\\/parc-mille-iles-andrechevrier.jpg\",\"datePublished\":\"2018-11-21T19:03:02+00:00\",\"dateModified\":\"2025-01-27T15:59:34+00:00\",\"description\":\"Le refuge faunique de la Rivi\u00e8re-des-Mille-\u00celes est une aire prot\u00e9g\u00e9e situ\u00e9 sur la rivi\u00e8re du m\u00eame nom \u00e0 Laval et Rosem\u00e8re. Le territoire du refuge est compos\u00e9 de dix \u00eeles ayant une superficie totale de 26 ha. Elle est g\u00e9r\u00e9e par l'organisme \u00c9co-Nature\",\"breadcrumb\":{\"@id\":\"https:\\\/\\\/www.parc-mille-iles.qc.ca\\\/en\\\/about\\\/who-we-are\\\/#breadcrumb\"},\"inLanguage\":\"en-US\",\"potentialAction\":[{\"@type\":\"ReadAction\",\"target\":[\"https:\\\/\\\/www.parc-mille-iles.qc.ca\\\/en\\\/about\\\/who-we-are\\\/\"]}]},{\"@type\":\"ImageObject\",\"inLanguage\":\"en-US\",\"@id\":\"https:\\\/\\\/www.parc-mille-iles.qc.ca\\\/en\\\/about\\\/who-we-are\\\/#primaryimage\",\"url\":\"https:\\\/\\\/www.parc-mille-iles.qc.ca\\\/wp-content\\\/uploads\\\/2018\\\/12\\\/parc-mille-iles-andrechevrier.jpg\",\"contentUrl\":\"https:\\\/\\\/www.parc-mille-iles.qc.ca\\\/wp-content\\\/uploads\\\/2018\\\/12\\\/parc-mille-iles-andrechevrier.jpg\"},{\"@type\":\"BreadcrumbList\",\"@id\":\"https:\\\/\\\/www.parc-mille-iles.qc.ca\\\/en\\\/about\\\/who-we-are\\\/#breadcrumb\",\"itemListElement\":[{\"@type\":\"ListItem\",\"position\":1,\"name\":\"Accueil\",\"item\":\"https:\\\/\\\/www.parc-mille-iles.qc.ca\\\/en\\\/\"},{\"@type\":\"ListItem\",\"position\":2,\"name\":\"About\",\"item\":\"https:\\\/\\\/www.parc-mille-iles.qc.ca\\\/en\\\/about\\\/\"},{\"@type\":\"ListItem\",\"position\":3,\"name\":\"Who We Are\"}]},{\"@type\":\"WebSite\",\"@id\":\"https:\\\/\\\/www.parc-mille-iles.qc.ca\\\/#website\",\"url\":\"https:\\\/\\\/www.parc-mille-iles.qc.ca\\\/\",\"name\":\"Parc de la Rivi\u00e8re-des-Mille-\u00celes\",\"description\":\"\",\"potentialAction\":[{\"@type\":\"SearchAction\",\"target\":{\"@type\":\"EntryPoint\",\"urlTemplate\":\"https:\\\/\\\/www.parc-mille-iles.qc.ca\\\/?s={search_term_string}\"},\"query-input\":{\"@type\":\"PropertyValueSpecification\",\"valueRequired\":true,\"valueName\":\"search_term_string\"}}],\"inLanguage\":\"en-US\"}]}<\/script>\n<!-- \/ Yoast SEO plugin. -->","yoast_head_json":{"title":"Who We Are - Parc de la Rivi\u00e8re-des-Mille-\u00celes","description":"Le refuge faunique de la Rivi\u00e8re-des-Mille-\u00celes est une aire prot\u00e9g\u00e9e situ\u00e9 sur la rivi\u00e8re du m\u00eame nom \u00e0 Laval et Rosem\u00e8re. Le territoire du refuge est compos\u00e9 de dix \u00eeles ayant une superficie totale de 26 ha. Elle est g\u00e9r\u00e9e par l'organisme \u00c9co-Nature","robots":{"index":"index","follow":"follow","max-snippet":"max-snippet:-1","max-image-preview":"max-image-preview:large","max-video-preview":"max-video-preview:-1"},"canonical":"https:\/\/www.parc-mille-iles.qc.ca\/en\/about\/who-we-are\/","og_locale":"en_US","og_type":"article","og_title":"Who We Are - Parc de la Rivi\u00e8re-des-Mille-\u00celes","og_description":"Le refuge faunique de la Rivi\u00e8re-des-Mille-\u00celes est une aire prot\u00e9g\u00e9e situ\u00e9 sur la rivi\u00e8re du m\u00eame nom \u00e0 Laval et Rosem\u00e8re. Le territoire du refuge est compos\u00e9 de dix \u00eeles ayant une superficie totale de 26 ha. Elle est g\u00e9r\u00e9e par l'organisme \u00c9co-Nature","og_url":"https:\/\/www.parc-mille-iles.qc.ca\/en\/about\/who-we-are\/","og_site_name":"Parc de la Rivi\u00e8re-des-Mille-\u00celes","article_publisher":"https:\/\/fr-ca.facebook.com\/parc1000iles\/","article_modified_time":"2025-01-27T15:59:34+00:00","og_image":[{"url":"https:\/\/www.parc-mille-iles.qc.ca\/wp-content\/uploads\/2018\/12\/parc-mille-iles-andrechevrier.jpg","type":"","width":"","height":""}],"twitter_card":"summary_large_image","twitter_misc":{"Est. reading time":"2 minutes"},"schema":{"@context":"https:\/\/schema.org","@graph":[{"@type":"WebPage","@id":"https:\/\/www.parc-mille-iles.qc.ca\/en\/about\/who-we-are\/","url":"https:\/\/www.parc-mille-iles.qc.ca\/en\/about\/who-we-are\/","name":"Who We Are - Parc de la Rivi\u00e8re-des-Mille-\u00celes","isPartOf":{"@id":"https:\/\/www.parc-mille-iles.qc.ca\/#website"},"primaryImageOfPage":{"@id":"https:\/\/www.parc-mille-iles.qc.ca\/en\/about\/who-we-are\/#primaryimage"},"image":{"@id":"https:\/\/www.parc-mille-iles.qc.ca\/en\/about\/who-we-are\/#primaryimage"},"thumbnailUrl":"https:\/\/www.parc-mille-iles.qc.ca\/wp-content\/uploads\/2018\/12\/parc-mille-iles-andrechevrier.jpg","datePublished":"2018-11-21T19:03:02+00:00","dateModified":"2025-01-27T15:59:34+00:00","description":"Le refuge faunique de la Rivi\u00e8re-des-Mille-\u00celes est une aire prot\u00e9g\u00e9e situ\u00e9 sur la rivi\u00e8re du m\u00eame nom \u00e0 Laval et Rosem\u00e8re. Le territoire du refuge est compos\u00e9 de dix \u00eeles ayant une superficie totale de 26 ha. Elle est g\u00e9r\u00e9e par l'organisme \u00c9co-Nature","breadcrumb":{"@id":"https:\/\/www.parc-mille-iles.qc.ca\/en\/about\/who-we-are\/#breadcrumb"},"inLanguage":"en-US","potentialAction":[{"@type":"ReadAction","target":["https:\/\/www.parc-mille-iles.qc.ca\/en\/about\/who-we-are\/"]}]},{"@type":"ImageObject","inLanguage":"en-US","@id":"https:\/\/www.parc-mille-iles.qc.ca\/en\/about\/who-we-are\/#primaryimage","url":"https:\/\/www.parc-mille-iles.qc.ca\/wp-content\/uploads\/2018\/12\/parc-mille-iles-andrechevrier.jpg","contentUrl":"https:\/\/www.parc-mille-iles.qc.ca\/wp-content\/uploads\/2018\/12\/parc-mille-iles-andrechevrier.jpg"},{"@type":"BreadcrumbList","@id":"https:\/\/www.parc-mille-iles.qc.ca\/en\/about\/who-we-are\/#breadcrumb","itemListElement":[{"@type":"ListItem","position":1,"name":"Accueil","item":"https:\/\/www.parc-mille-iles.qc.ca\/en\/"},{"@type":"ListItem","position":2,"name":"About","item":"https:\/\/www.parc-mille-iles.qc.ca\/en\/about\/"},{"@type":"ListItem","position":3,"name":"Who We Are"}]},{"@type":"WebSite","@id":"https:\/\/www.parc-mille-iles.qc.ca\/#website","url":"https:\/\/www.parc-mille-iles.qc.ca\/","name":"Parc de la Rivi\u00e8re-des-Mille-\u00celes","description":"","potentialAction":[{"@type":"SearchAction","target":{"@type":"EntryPoint","urlTemplate":"https:\/\/www.parc-mille-iles.qc.ca\/?s={search_term_string}"},"query-input":{"@type":"PropertyValueSpecification","valueRequired":true,"valueName":"search_term_string"}}],"inLanguage":"en-US"}]}},"_links":{"self":[{"href":"https:\/\/www.parc-mille-iles.qc.ca\/en\/wp-json\/wp\/v2\/pages\/1024","targetHints":{"allow":["GET"]}}],"collection":[{"href":"https:\/\/www.parc-mille-iles.qc.ca\/en\/wp-json\/wp\/v2\/pages"}],"about":[{"href":"https:\/\/www.parc-mille-iles.qc.ca\/en\/wp-json\/wp\/v2\/types\/page"}],"author":[{"embeddable":true,"href":"https:\/\/www.parc-mille-iles.qc.ca\/en\/wp-json\/wp\/v2\/users\/1"}],"replies":[{"embeddable":true,"href":"https:\/\/www.parc-mille-iles.qc.ca\/en\/wp-json\/wp\/v2\/comments?post=1024"}],"version-history":[{"count":10,"href":"https:\/\/www.parc-mille-iles.qc.ca\/en\/wp-json\/wp\/v2\/pages\/1024\/revisions"}],"predecessor-version":[{"id":11007,"href":"https:\/\/www.parc-mille-iles.qc.ca\/en\/wp-json\/wp\/v2\/pages\/1024\/revisions\/11007"}],"up":[{"embeddable":true,"href":"https:\/\/www.parc-mille-iles.qc.ca\/en\/wp-json\/wp\/v2\/pages\/1011"}],"wp:attachment":[{"href":"https:\/\/www.parc-mille-iles.qc.ca\/en\/wp-json\/wp\/v2\/media?parent=1024"}],"curies":[{"name":"wp","href":"https:\/\/api.w.org\/{rel}","templated":true}]}}

<p></p>
<h4>The Parc de la Rivière-des-Mille-Îles is a non-profit organization with the mission of protecting, conserving and showcasing mainly the Mille Îles River and its tributaries, with the support of and on behalf of the local community.</h4>
<p>In 1998, wildlife reserve status was granted by the Government of Quebec to 10 of the islands, which corresponds to 26 hectares of land. Since 2009, Éco-Nature has been leading the wildlife refuge expansion project which aims to expand the refuge from 26 hectares to more than 950 hectares.</p>
<p>
</p>
<div class="wp-block-image">
<figure class="aligncenter"><img loading="lazy" decoding="async" width="700" height="161" class="wp-image-915" src="https://www.parc-mille-iles.qc.ca/wp-content/uploads/2018/12/parc-mille-iles-andrechevrier.jpg" alt="" srcset="https://www.parc-mille-iles.qc.ca/wp-content/uploads/2018/12/parc-mille-iles-andrechevrier.jpg 700w, https://www.parc-mille-iles.qc.ca/wp-content/uploads/2018/12/parc-mille-iles-andrechevrier-300x69.jpg 300w, https://www.parc-mille-iles.qc.ca/wp-content/uploads/2018/12/parc-mille-iles-andrechevrier-768x177.jpg 768w" sizes="auto, (max-width: 700px) 100vw, 700px" /></figure>
</div>
<p>
</p>
<h4 class="wp-block-heading">Éco-Nature is a leader in Quebec for the application of the concept of integrated and harmonious management of three essential themes that are both its key values and its purpose: </h4>
<ul>
	<li>Protecting and conserving natural habitats, in particular by safeguarding natural habitats, primarily those along the Mille Îles River and its tributaries, and acting as a custodian of collective resources and an educator for the community on the subjects of protection and conservation;</li>
	<li>Showcasing and providing access to the river’s treasures, in particular by managing various services: land development, organizing recreational and tourism activities, renting outdoor sports equipment, showcasing its historical heritage, and offering educational, outdoor and ecotourism activities to introduce visitors to the different aspects of the river’s natural habitats;</li>
	<li>Promoting public input and eco-citizenship, in particular through information, awareness, participation and training activities.</li>
</ul>

<p>The Parc de la Rivière-des-Mille-Îles is a non-profit organization with the mission of protecting, conserving and showcasing mainly the Mille Îles River and its tributaries, with the support of and on behalf of the local community.<br />
In 1998, wildlife reserve status was granted by the Government of Quebec to 10 of the islands, which corresponds to 26 hectares of land. Since 2009, Éco-Nature has been leading the wildlife refuge expansion project which aims to expand [&#8230;]</p>

<!-- This site is optimized with the Yoast SEO plugin v27.5 - https://yoast.com/product/yoast-seo-wordpress/ -->
<title>Who We Are - Parc de la Rivière-des-Mille-Îles</title>
<meta name="description" content="Le refuge faunique de la Rivière-des-Mille-Îles est une aire protégée situé sur la rivière du même nom à Laval et Rosemère. Le territoire du refuge est composé de dix îles ayant une superficie totale de 26 ha. Elle est gérée par l&#039;organisme Éco-Nature" />
<meta name="robots" content="index, follow, max-snippet:-1, max-image-preview:large, max-video-preview:-1" />
<link rel="canonical" href="https://www.parc-mille-iles.qc.ca/en/about/who-we-are/" />
<meta property="og:locale" content="en_US" />
<meta property="og:type" content="article" />
<meta property="og:title" content="Who We Are - Parc de la Rivière-des-Mille-Îles" />
<meta property="og:description" content="Le refuge faunique de la Rivière-des-Mille-Îles est une aire protégée situé sur la rivière du même nom à Laval et Rosemère. Le territoire du refuge est composé de dix îles ayant une superficie totale de 26 ha. Elle est gérée par l&#039;organisme Éco-Nature" />
<meta property="og:url" content="https://www.parc-mille-iles.qc.ca/en/about/who-we-are/" />
<meta property="og:site_name" content="Parc de la Rivière-des-Mille-Îles" />
<meta property="article:publisher" content="https://fr-ca.facebook.com/parc1000iles/" />
<meta property="article:modified_time" content="2025-01-27T15:59:34+00:00" />
<meta property="og:image" content="https://www.parc-mille-iles.qc.ca/wp-content/uploads/2018/12/parc-mille-iles-andrechevrier.jpg" />
<meta name="twitter:card" content="summary_large_image" />
<meta name="twitter:label1" content="Est. reading time" />
	<meta name="twitter:data1" content="2 minutes" />
<script type="application/ld+json" class="yoast-schema-graph">{"@context":"https:\/\/schema.org","@graph":[{"@type":"WebPage","@id":"https:\/\/www.parc-mille-iles.qc.ca\/en\/about\/who-we-are\/","url":"https:\/\/www.parc-mille-iles.qc.ca\/en\/about\/who-we-are\/","name":"Who We Are - Parc de la Rivière-des-Mille-Îles","isPartOf":{"@id":"https:\/\/www.parc-mille-iles.qc.ca\/#website"},"primaryImageOfPage":{"@id":"https:\/\/www.parc-mille-iles.qc.ca\/en\/about\/who-we-are\/#primaryimage"},"image":{"@id":"https:\/\/www.parc-mille-iles.qc.ca\/en\/about\/who-we-are\/#primaryimage"},"thumbnailUrl":"https:\/\/www.parc-mille-iles.qc.ca\/wp-content\/uploads\/2018\/12\/parc-mille-iles-andrechevrier.jpg","datePublished":"2018-11-21T19:03:02+00:00","dateModified":"2025-01-27T15:59:34+00:00","description":"Le refuge faunique de la Rivière-des-Mille-Îles est une aire protégée situé sur la rivière du même nom à Laval et Rosemère. Le territoire du refuge est composé de dix îles ayant une superficie totale de 26 ha. Elle est gérée par l'organisme Éco-Nature","breadcrumb":{"@id":"https:\/\/www.parc-mille-iles.qc.ca\/en\/about\/who-we-are\/#breadcrumb"},"inLanguage":"en-US","potentialAction":[{"@type":"ReadAction","target":["https:\/\/www.parc-mille-iles.qc.ca\/en\/about\/who-we-are\/"]}]},{"@type":"ImageObject","inLanguage":"en-US","@id":"https:\/\/www.parc-mille-iles.qc.ca\/en\/about\/who-we-are\/#primaryimage","url":"https:\/\/www.parc-mille-iles.qc.ca\/wp-content\/uploads\/2018\/12\/parc-mille-iles-andrechevrier.jpg","contentUrl":"https:\/\/www.parc-mille-iles.qc.ca\/wp-content\/uploads\/2018\/12\/parc-mille-iles-andrechevrier.jpg"},{"@type":"BreadcrumbList","@id":"https:\/\/www.parc-mille-iles.qc.ca\/en\/about\/who-we-are\/#breadcrumb","itemListElement":[{"@type":"ListItem","position":1,"name":"Accueil","item":"https:\/\/www.parc-mille-iles.qc.ca\/en\/"},{"@type":"ListItem","position":2,"name":"About","item":"https:\/\/www.parc-mille-iles.qc.ca\/en\/about\/"},{"@type":"ListItem","position":3,"name":"Who We Are"}]},{"@type":"WebSite","@id":"https:\/\/www.parc-mille-iles.qc.ca\/#website","url":"https:\/\/www.parc-mille-iles.qc.ca\/","name":"Parc de la Rivière-des-Mille-Îles","description":"","potentialAction":[{"@type":"SearchAction","target":{"@type":"EntryPoint","urlTemplate":"https:\/\/www.parc-mille-iles.qc.ca\/?s={search_term_string}"},"query-input":{"@type":"PropertyValueSpecification","valueRequired":true,"valueName":"search_term_string"}}],"inLanguage":"en-US"}]}</script>
<!-- / Yoast SEO plugin. -->

Who We Are - Parc de la Rivière-des-Mille-Îles

Le refuge faunique de la Rivière-des-Mille-Îles est une aire protégée situé sur la rivière du même nom à Laval et Rosemère. Le territoire du refuge est composé de dix îles ayant une superficie totale de 26 ha. Elle est gérée par l'organisme Éco-Nature

Parc de la Rivière-des-Mille-Îles
